13?
200031231013
In base 4, what is -20122232 - -10013?
-20112213
In base 14, what is 27c9 - 13aac?
-112c3
In base 6, what is 4251313224 - -2?
4251313230
In base 9, what is 2 + -15458025?
-15458023
In base 3, what is -10 + 212101120200001?
212101120122221
In base 11, what is 22 - -4a5a21?
4a5a43
In base 8, what is 363174 + 1143?
364337
In base 15, what is 30c - -685d?
6b6a
In base 15, what is -6 + e3bac?
e3ba6
In base 14, what is 444 + 3199b?
32001
In base 15, what is -31eb22 - 6?
-31eb28
In base 8, what is -27052 + 2163?
-24667
In base 5, what is -13323320 - 22243?
-13401113
In base 4, what is -21333 + -12110130?
-12132123
In base 16, what is -13863 - 4a?
-138ad
In base 6, what is -14133445 + 3?
-14133442
In base 11, what is 966801 + -14?
966798
In base 15, what is -5 + -3c57705?
-3c5770a
In base 4, what is 1120 + -21133100110?
-21133032330
In base 9, what is -207607010 + -13?
-207607023
In base 14, what is 1b0b31 - 13?
1b0b1c
In base 2, what is -101 - -1100010001110011001101110?
1100010001110011001101001
In base 3, what is 1 + 10210101101020?
10210101101021
In base 5, what is 113013 + 22002?
140020
In base 11, what is 120208936 - -4?
12020893a
In base 9, what is 24758774 - -32?
24758816
In base 6, what is -11 - 1245435001?
-1245435012
In base 4, what is 1311003202 + -112?
1311003030
In base 2, what is -100 + 1111100010000111101010001?
1111100010000111101001101
In base 10, what is 3796116 - -294?
3796410
In base 6, what is -1 + 2051145020?
2051145015
In base 4, what is 331113231310 - 31?
331113231213
In base 2, what is -101100110111111000011100 - -1?
-101100110111111000011011
In base 2, what is -101010101 - -10101011100011101?
10101010111001000
In base 8, what is -376342260 - 3?
-376342263
In base 6, what is -302420421 + 4?
-302420413
In base 13, what is 944316 - 5?
944311
In base 8, what is -72632 - -7436?
-63174
In base 7, what is -35233245 + 5?
-35233240
In base 12, what is 3 - -1160103?
1160106
In base 7, what is -5 + 106160356?
106160351
In base 5, what is -123434343 + -2?
-123434400
In base 2, what is -1110001101101 - -10101000?
-1101111000101
In base 15, what is 14 + 1421aa9?
1421abd
In base 4, what is 112112030 + 312?
112113002
In base 10, what is -20433702 + 3?
-20433699
In base 3, what is 2120 - 2122201210010?
-2122201200120
In base 15, what is -57 - -4ad7e?
4ad27
In base 13, what is 6ccc8c + 8?
6ccc97
In base 9, what is 558542 + 136?
558678
In base 5, what is -334323314 - 20?
-334323334
In base 10, what is -7 + 46620887?
46620880
In base 10, what is 1274208 + 5?
1274213
In base 5, what is 20200204 + -11032?
20134122
In base 15, what is 76831 - c?
76824
In base 12, what is -16 + -17517?
-17531
In base 7, what is -55023642 - -5?
-55023634
In base 3, what is 11 - 102022022101001?
-102022022100220
In base 14, what is 1c - 489bb8?
-489b9a
In base 14, what is 141 + 26d49?
2708a
In base 5, what is -1 + -1214330332?
-1214330333
In base 11, what is -1287a140 + -4?
-1287a144
In base 2, what is 1010110000101011 - -10101110000100?
1101011110101111
In base 9, what is 168851842 - 8?
168851833
In base 14, what is -415 + -5716?
-5b2b
In base 3, what is 11002100211 + 101212?
11002202200
In base 8, what is -6610 - -235364?
226554
In base 14, what is -7d06 - 15dd?
-9505
In base 15, what is 0 - 5686a81?
-5686a81
In base 4, what is 2222010310 + 13332?
2222030302
In base 10, what is 2852064 + -6?
2852058
In base 10, what is -99 - -249744?
249645
In base 4, what is -12102 - -121203?
103101
In base 7, what is 115 + -1651412?
-1651264
In base 16, what is -151228 + -2d?
-151255
In base 5, what is -131342022 - 0?
-131342022
In base 9, what is 341204 - 438?
340655
In base 9, what is -1017114 + -1886?
-1020111
In base 11, what is 672a683 - 5?
672a679
In base 2, what is 1001 - -10010100000011100111110101?
10010100000011100111111110
In base 14, what is 3 + 689a10?
689a13
In base 16, what is 3 - -10a0049?
10a004c
In base 3, what is 1011202 - 1011112100?
-1010100121
In base 9, what is 227 + 47144?
47372
In base 11, what is -514 - 83563?
-83a77
In base 14, what is -1731 - -1?
-1730
In base 14, what is 4696 + -388?
430c
In base 10, what is 557278356 + 0?
557278356
In base 7, what is 50651 - 6333?
41315
In base 7, what is 404611605 + -1?
404611604
In base 2, what is 10111101000001111000 + 1010?
10111101000010000010
In base 11, what is -13387 - 13?
-1339a
In base 11, what is -1192 - -172121?
170a3a
In base 4, what is -11 - 2320012010321?
-2320012010332
In base 5, what is -31313414140 - 10?
-31313414200
In base 3, what is 212100 + 1221001100001?
1221002012101
In base 7, what is 3440 - -33223?
36663
In base 16, what is 4 - 62eccff?
-62eccfb
In base 2, what is -1100101000110 + 101000011011001?
11011110010011
In base 4, what is 12211 - -103121?
121332
In base 12, what is -11 - 49545?
-49556
In base 2, what is -10011010 + -10000101100110101101100?
-10000101100111000000110
In base 14, what is 7c7b + 48b?
8328
In base 15, what is -7a3459 + -1?
-7a345a
In base 12, what is 403510 - -12?
403522
In base 2, what is 100010001101100001101 - -100000?
100010001101100101101
In base 4, what is -21031332 - -233203?
-20132123
In base 13, what is 54a + -7802?
-7285
In base 2, what is -10000100 - 1000010001010?
-1000100001110
In base 7, what is 6030 + -14006?
-4646
In base 9, what is 2 - -638804610?
638804612
In base 6, what is 450 + 132241353?
132242243
In base 7, what is -1 - 626000660?
-626000661
In base 9, what is 17017626 - 80?
17017536
In base 5, what is 110221 - 302410?
-142134
In base 6, what is 13511 + 20212?
34123
In base 9, what is -2443048638 + -1?
-2443048640
In base 5, what is -130 - 2132044?
-2132224
In base 10, what is -21121 + 2055?
-19066
In base 3, what is -12111120111 + 1011?
-12111112100
In base 16, what is -62b - -13c19?
135ee
In base 14, what is -a5279c + 2?
-a5279a
In base 3, what is 2000210011 + 11010122?
2011220210
In base 12, what is 19 - 2a64?
-2a47
In base 2, what is 1100100000110010100100110 + 100?
1100100000110010100101010
In base 5, what is 344234422221 + 0?
344234422221
In base 11, what is 130538 + 14?
130551
In base 3, what is 11022 - -20010211112?
20010222211
In base 9, what is -253 + -420044?
-420307
In base 10, what is -14477998 - 1?
-14477999
In base 15, what is 1 + 20e71a4?
20e71a5
In base 5, what is -41 + -110033020211?
-110033020302
In base 11, what is -7005609 - -a?
-70055aa
In base 10, what is -2149928 + -3?
-2149931
In base 12, what is -6191 + -63?
-6234
In base 11, what is 1258498 - -4?
12584a1
In base 5, what is -23334 + 34220?
10331
In base 3, what is -12002210010 + 12221?
-12002120012
In base 9, what is 1873326 - 3?
1873323
In base 16, what is a9 - -fe9?
1092
In base 12, what is -ab206 - -2b2?
-aab14
In base 5, what is 12321 + 11244211?
11312032
In base 2, what is 10100000010000 + -110111011?
10011001010101
In base 9, what is 3716182 - 1?
3716181
In base 6, what is -5 - 125520312?
-125520321
In base 7, what is 241 + -14023561?
-14023320
In base 9, what is 3148432 - -13?
3148445
In base 5, what is -3 - -23102431440?
23102431432
In base 9, what is -162 + 5553604?
5553432
In base 8, what is 556 + -20761?
-20203
In base 3, what is -112221 - 1010202201?
-1011022122
In base 8, what is 563676620 - -7?
563676627
In base 4, what is 3120 - -100022213?
100031333
In base 5, what is 102430334 - 300?
102430034
In base 10, what is -74641 + -9942?
-84583
In base 14, what is 3b + 5ac8b9?
5ac916
In base 13, what is a3 - 203698?
-2035c5
In base 12, what is -4a82377 + 10?
-4a82367
In base 12, what is -900b7 + -3?
-900ba
In base 8, what is -223202756 - -2?
-223202754
In base 2, what is 1011000 - 111001010010010100?
-111001010000111100
In base 7, what is -1244056341 + -4?
-1244056345
In base 10, what is 589 + 6561?
7150
In base 4, what is -123211023 - -21?
-123211002
In base 6, what is 1230404141213 - -5?
1230404141222
In base 16, what is -4 + bafe2?
bafde
In base 9, what is 312 + 6373354?
6373666
In base 5, what is 142103 - -140440?
333043
In base 12, what is -34a39280 + -3?
-34a39283
In base 13, what is 1612 - -50?
1662
In base 12, what is -1254b4508 - -3?
-1254b4505
In base 7, what is 20032325 + 6?
20032334
In base 16, what is -18 + -150e00?
-150e18
In base 14, what is 1420a26 - c?
1420a18
In base 11, what is 71 - -11370a?
113780
In base 9, what is 260705 